{"id":936,"date":"2021-07-06T10:53:33","date_gmt":"2021-07-06T08:53:33","guid":{"rendered":"https:\/\/wingchun-wt.es\/?page_id=936"},"modified":"2021-07-07T08:18:55","modified_gmt":"2021-07-07T06:18:55","slug":"wing-chun-wuyi-colaboradores","status":"publish","type":"page","link":"https:\/\/wingchun-wt.es\/index.php\/wing-chun-wuyi-colaboradores\/","title":{"rendered":"Wing Chun Wuyi &#8211; Colaboradores"},"content":{"rendered":"<p>[vc_row css_animation=\u00bb\u00bb row_type=\u00bbrow\u00bb use_row_as_full_screen_section=\u00bbno\u00bb type=\u00bbgrid\u00bb angled_section=\u00bbno\u00bb text_align=\u00bbleft\u00bb background_image_as_pattern=\u00bbwithout_pattern\u00bb z_index=\u00bb\u00bb css=\u00bb.vc_custom_1522923857987{padding-top: 125px !important;padding-bottom: 125px !important;background-color: #ebebeb !important;}\u00bb][vc_column][vc_column_text]<\/p>\n<p class=\"p1\" style=\"text-align: center;\"><span class=\"s1\"><b>Wing Chun Kung Fu<\/b><\/span><\/p>\n<p class=\"p2\" style=\"text-align: center;\"><span class=\"s1\">Aprende a defenderte, aprende con este bello<span class=\"Apple-converted-space\">\u00a0 <\/span>Arte Marcial. Trabaja duro y divi\u00e9rtete.<\/span><\/p>\n<p class=\"p2\" style=\"text-align: center;\"><span class=\"s1\">La pr\u00e1ctica del Kung Fu aporta multitud de beneficios tanto f\u00edsica como mentalmente:\u00a0 equilibrio, coordinaci\u00f3n,\u00a0 flexibilidad, velocidad, fuerza, resistencia y potencia. Adem\u00e1s ayudar\u00e1 a tu seguridad,<span class=\"Apple-converted-space\">\u00a0 <\/span>te ayuda a vivir de manera pacifica, tendr\u00e1s una gran herramienta de autodefensa, aumentara tu capacidad cardiovascular, entre otras. <\/span><\/p>\n<p class=\"p3\" style=\"text-align: center;\"><span class=\"s1\"><b>El Kung Fu es igual a trabajo duro y sacrificio.<\/b><\/span><\/p>\n<p>[\/vc_column_text][\/vc_column][\/vc_row][vc_row css_animation=\u00bb\u00bb row_type=\u00bbrow\u00bb use_row_as_full_screen_section=\u00bbno\u00bb type=\u00bbfull_width\u00bb angled_section=\u00bbno\u00bb text_align=\u00bbleft\u00bb background_image_as_pattern=\u00bbwithout_pattern\u00bb][vc_column][vc_column_text]<\/p>\n<p style=\"text-align: center;\"><strong><img loading=\"lazy\" decoding=\"async\" class=\"alignnone size-medium wp-image-937\" src=\"https:\/\/wingchun-wt.es\/wp-content\/uploads\/2021\/07\/sifucasimiro-noenavarro-wingchun-240x300.jpg\" alt=\"\" width=\"240\" height=\"300\" srcset=\"https:\/\/wingchun-wt.es\/wp-content\/uploads\/2021\/07\/sifucasimiro-noenavarro-wingchun-240x300.jpg 240w, https:\/\/wingchun-wt.es\/wp-content\/uploads\/2021\/07\/sifucasimiro-noenavarro-wingchun-819x1024.jpg 819w, https:\/\/wingchun-wt.es\/wp-content\/uploads\/2021\/07\/sifucasimiro-noenavarro-wingchun-768x960.jpg 768w, https:\/\/wingchun-wt.es\/wp-content\/uploads\/2021\/07\/sifucasimiro-noenavarro-wingchun-1229x1536.jpg 1229w, https:\/\/wingchun-wt.es\/wp-content\/uploads\/2021\/07\/sifucasimiro-noenavarro-wingchun-1639x2048.jpg 1639w, https:\/\/wingchun-wt.es\/wp-content\/uploads\/2021\/07\/sifucasimiro-noenavarro-wingchun-700x875.jpg 700w, https:\/\/wingchun-wt.es\/wp-content\/uploads\/2021\/07\/sifucasimiro-noenavarro-wingchun-scaled.jpg 2048w\" sizes=\"auto, (max-width: 240px) 100vw, 240px\" \/><\/strong><\/p>\n<p style=\"text-align: center;\"><strong>Noe Navarro<\/strong><\/p>\n<p style=\"text-align: center;\">w&#105;&#x6e;&#x67;ch&#117;&#x6e;&#x77;u&#121;&#x69;&#x40;gm&#97;&#x69;&#x6c;.&#99;&#x6f;&#x6d;<\/p>\n<p style=\"text-align: center;\"><strong>M\u00f3vil: 639 453 971<\/strong><\/p>\n<p style=\"text-align: center;\"><strong>Monitor Toledo<\/strong><br \/>\n<strong>Especialista en Kali &#8211; Armas<\/strong><\/p>\n<p><img loading=\"lazy\" decoding=\"async\" class=\"alignnone size-medium wp-image-938 aligncenter\" src=\"https:\/\/wingchun-wt.es\/wp-content\/uploads\/2021\/07\/Claudio-Nogales--254x300.jpeg\" alt=\"\" width=\"254\" height=\"300\" srcset=\"https:\/\/wingchun-wt.es\/wp-content\/uploads\/2021\/07\/Claudio-Nogales--254x300.jpeg 254w, https:\/\/wingchun-wt.es\/wp-content\/uploads\/2021\/07\/Claudio-Nogales--868x1024.jpeg 868w, https:\/\/wingchun-wt.es\/wp-content\/uploads\/2021\/07\/Claudio-Nogales--768x906.jpeg 768w, https:\/\/wingchun-wt.es\/wp-content\/uploads\/2021\/07\/Claudio-Nogales--1302x1536.jpeg 1302w, https:\/\/wingchun-wt.es\/wp-content\/uploads\/2021\/07\/Claudio-Nogales--700x826.jpeg 700w, https:\/\/wingchun-wt.es\/wp-content\/uploads\/2021\/07\/Claudio-Nogales-.jpeg 1736w\" sizes=\"auto, (max-width: 254px) 100vw, 254px\" \/><\/p>\n<p style=\"text-align: center;\"><strong>Claudio Nogales Casta\u00f1o<\/strong><\/p>\n<p style=\"text-align: center;\">&#x77;&#x69;&#x6e;&#x67;&#x63;&#104;&#117;nwuyi&#x40;&#x67;&#x6d;&#x61;&#x69;&#x6c;&#46;&#99;om<\/p>\n<p style=\"text-align: center;\"><strong>M\u00f3vil:<\/strong> <strong>654 911 067<\/strong><\/p>\n<p style=\"text-align: center;\"><strong>Monitor<\/strong><\/p>\n<p>[\/vc_column_text][\/vc_column][\/vc_row][vc_row css_animation=\u00bb\u00bb row_type=\u00bbrow\u00bb use_row_as_full_screen_section=\u00bbno\u00bb type=\u00bbfull_width\u00bb angled_section=\u00bbno\u00bb text_align=\u00bbleft\u00bb background_image_as_pattern=\u00bbwithout_pattern\u00bb][vc_column]<div class=\"qode-advanced-image-gallery  qode-aig-grid-type qode-no-space  qode-image-behavior-grayscale \">\n\t<div class=\"qode-aig-inner qode-outer-space qode-aig-grid qode-aig-two-columns\">\n\t\t\t\t\t<div class=\"qode-aig-image qode-item-space\">\n\t\t\t\t<div class=\"qode-aig-image-inner\">\n\t\t\t\t\t\t\t\t\t\t\t<img loading=\"lazy\" decoding=\"async\" width=\"1024\" height=\"997\" src=\"https:\/\/wingchun-wt.es\/wp-content\/uploads\/2021\/07\/wingchunwuyi-sifucasimiro-wingchunmadrid-18julio2020-grupo--1024x997.jpg\" class=\"attachment-large size-large\" alt=\"\" srcset=\"https:\/\/wingchun-wt.es\/wp-content\/uploads\/2021\/07\/wingchunwuyi-sifucasimiro-wingchunmadrid-18julio2020-grupo--1024x997.jpg 1024w, https:\/\/wingchun-wt.es\/wp-content\/uploads\/2021\/07\/wingchunwuyi-sifucasimiro-wingchunmadrid-18julio2020-grupo--300x292.jpg 300w, https:\/\/wingchun-wt.es\/wp-content\/uploads\/2021\/07\/wingchunwuyi-sifucasimiro-wingchunmadrid-18julio2020-grupo--768x748.jpg 768w, https:\/\/wingchun-wt.es\/wp-content\/uploads\/2021\/07\/wingchunwuyi-sifucasimiro-wingchunmadrid-18julio2020-grupo--1536x1496.jpg 1536w, https:\/\/wingchun-wt.es\/wp-content\/uploads\/2021\/07\/wingchunwuyi-sifucasimiro-wingchunmadrid-18julio2020-grupo--2048x1995.jpg 2048w, https:\/\/wingchun-wt.es\/wp-content\/uploads\/2021\/07\/wingchunwuyi-sifucasimiro-wingchunmadrid-18julio2020-grupo--700x682.jpg 700w\" sizes=\"auto, (max-width: 1024px) 100vw, 1024px\" \/>\t\t\t\t\t\t<span class=\"aig-gallery-hover\">\n\t\t\t\t\t\t\t\t\t\t\t\t\t<\/span>\n\t\t\t\t\t\t\t\t\t<\/div>\n\t\t\t<\/div>\n\t\t\t\t\t<div class=\"qode-aig-image qode-item-space\">\n\t\t\t\t<div class=\"qode-aig-image-inner\">\n\t\t\t\t\t\t\t\t\t\t\t<img loading=\"lazy\" decoding=\"async\" width=\"1024\" height=\"768\" src=\"https:\/\/wingchun-wt.es\/wp-content\/uploads\/2021\/07\/sifucasimiro-claudionogales-wingchun-1024x768.jpg\" class=\"attachment-large size-large\" alt=\"\" srcset=\"https:\/\/wingchun-wt.es\/wp-content\/uploads\/2021\/07\/sifucasimiro-claudionogales-wingchun-1024x768.jpg 1024w, https:\/\/wingchun-wt.es\/wp-content\/uploads\/2021\/07\/sifucasimiro-claudionogales-wingchun-300x225.jpg 300w, https:\/\/wingchun-wt.es\/wp-content\/uploads\/2021\/07\/sifucasimiro-claudionogales-wingchun-768x576.jpg 768w, https:\/\/wingchun-wt.es\/wp-content\/uploads\/2021\/07\/sifucasimiro-claudionogales-wingchun-1536x1152.jpg 1536w, https:\/\/wingchun-wt.es\/wp-content\/uploads\/2021\/07\/sifucasimiro-claudionogales-wingchun-800x600.jpg 800w, https:\/\/wingchun-wt.es\/wp-content\/uploads\/2021\/07\/sifucasimiro-claudionogales-wingchun-700x525.jpg 700w, https:\/\/wingchun-wt.es\/wp-content\/uploads\/2021\/07\/sifucasimiro-claudionogales-wingchun.jpg 2048w\" sizes=\"auto, (max-width: 1024px) 100vw, 1024px\" \/>\t\t\t\t\t\t<span class=\"aig-gallery-hover\">\n\t\t\t\t\t\t\t\t\t\t\t\t\t<\/span>\n\t\t\t\t\t\t\t\t\t<\/div>\n\t\t\t<\/div>\n\t\t\t<\/div>\n<\/div>[\/vc_column][\/vc_row]<\/p>\n","protected":false},"excerpt":{"rendered":"<p>[vc_row css_animation=\u00bb\u00bb row_type=\u00bbrow\u00bb use_row_as_full_screen_section=\u00bbno\u00bb type=\u00bbgrid\u00bb angled_section=\u00bbno\u00bb text_align=\u00bbleft\u00bb background_image_as_pattern=\u00bbwithout_pattern\u00bb z_index=\u00bb\u00bb css=\u00bb.vc_custom_1522923857987{padding-top: 125px !important;padding-bottom: 125px !important;background-color: #ebebeb !important;}\u00bb][vc_column][vc_column_text] Wing Chun Kung Fu Aprende a defenderte, aprende con este bello\u00a0 Arte Marcial. Trabaja duro y divi\u00e9rtete. La pr\u00e1ctica del Kung Fu aporta multitud de beneficios tanto f\u00edsica como&#8230;<\/p>\n","protected":false},"author":2,"featured_media":0,"parent":0,"menu_order":0,"comment_status":"closed","ping_status":"closed","template":"full_width.php","meta":{"_monsterinsights_skip_tracking":false,"_monsterinsights_sitenote_active":false,"_monsterinsights_sitenote_note":"","_monsterinsights_sitenote_category":0,"footnotes":""},"class_list":["post-936","page","type-page","status-publish","hentry"],"post_mailing_queue_ids":[],"_links":{"self":[{"href":"https:\/\/wingchun-wt.es\/index.php\/wp-json\/wp\/v2\/pages\/936","targetHints":{"allow":["GET"]}}],"collection":[{"href":"https:\/\/wingchun-wt.es\/index.php\/wp-json\/wp\/v2\/pages"}],"about":[{"href":"https:\/\/wingchun-wt.es\/index.php\/wp-json\/wp\/v2\/types\/page"}],"author":[{"embeddable":true,"href":"https:\/\/wingchun-wt.es\/index.php\/wp-json\/wp\/v2\/users\/2"}],"replies":[{"embeddable":true,"href":"https:\/\/wingchun-wt.es\/index.php\/wp-json\/wp\/v2\/comments?post=936"}],"version-history":[{"count":5,"href":"https:\/\/wingchun-wt.es\/index.php\/wp-json\/wp\/v2\/pages\/936\/revisions"}],"predecessor-version":[{"id":956,"href":"https:\/\/wingchun-wt.es\/index.php\/wp-json\/wp\/v2\/pages\/936\/revisions\/956"}],"wp:attachment":[{"href":"https:\/\/wingchun-wt.es\/index.php\/wp-json\/wp\/v2\/media?parent=936"}],"curies":[{"name":"wp","href":"https:\/\/api.w.org\/{rel}","templated":true}]}}